est common factor of 35 and x?
7
Let n be 20/(-25)*25/1*-10. Calculate the greatest common factor of n and 120.
40
Suppose 52*l - 26*l = 1092. Calculate the greatest common factor of 42 and l.
42
Suppose 0 = 5*i, -4 = -4*g + 5*i - 3*i. Suppose 1104 = 5*b - 4*l, -g = -5*l - 6. What is the highest common divisor of 20 and b?
20
Let p be 2/(-3) + 32/(-24). Let v be (p - -5)*(-110)/(-15). Let i = v - -6. Calculate the highest common divisor of i and 7.
7
Suppose -m - 3 = -5. Suppose -m*l = 3 + 1. Let t be (-7*(17 - 3))/l. Calculate the greatest common divisor of t and 7.
7
Suppose 208 + 56 = 11*x. What is the greatest common divisor of x and 168?
24
Let v be 2 - (33/(-3) + 3). Suppose v*g - 306 = 74. What is the greatest common factor of g and 342?
38
Let t(w) = 24*w**2 - w - 1. Let h be t(-1). Let s be ((-28)/(-6) - 6)*(0 - 6). Calculate the greatest common divisor of h and s.
8
Suppose -4*f + d - 324 = 121, -3*f - 2*d = 331. Let m = f - -131. Calculate the highest common factor of m and 30.
10
Suppose -4*m - 124 = -4*n, 3*n + 3*m - 109 - 2 = 0. Suppose -37*v = -n*v - 12. What is the greatest common divisor of v and 36?
4
Suppose 2*b - 202 - 606 = -4*y, 5*b + 2*y = 2060. What is the highest common factor of 46 and b?
46
Suppose -8*d = 8 + 8. Let r be (-2)/(2*d/162). Calculate the highest common divisor of r and 9.
9
Let d be (34 - -3) + (5 - -4). Calculate the greatest common factor of d and 1610.
46
Let d(v) = 2*v - 2. Let t(m) = 3*m. Let o be t(6). Suppose -2*z - 7 = -a, 4*a - 10 - o = 3*z. Let k be d(a). What is the greatest common factor of k and 36?
12
Let q = 17 + 7. Let x = 3 - -9. Suppose 2*f = 12 + x. What is the highest common divisor of f and q?
12
Suppose l - 2*l = -6. Let s = 1 + -1. Suppose -4*r + 50 + 22 = s. Calculate the greatest common factor of l and r.
6
Let t(w) = -w**2 - 8 + 5*w**2 + 2*w - w**2 + 0*w. Let h be t(9). What is the highest common divisor of h and 23?
23
Let t(p) = -2*p + 18. Let h be t(22). Let y = h + 36. Let i = 4 - 2. What is the highest common divisor of i and y?
2
Let a be 8828/60 - 8/60. Calculate the greatest common factor of a and 49.
49
Let k be (-15)/(-9) + (0 + 1)/3. Suppose 0 = -3*y + 2*y - k*i + 24, i + 51 = 4*y. Calculate the highest common divisor of y and 35.
7
Suppose 2*i - 84 = -4*c, -3*i - 875*c + 161 = -876*c. Let w = 64 - 38. What is the greatest common divisor of i and w?
26
Suppose 10*r + 7680 = 34*r. What is the highest common factor of r and 260?
20
Let b = -80 + 208. What is the greatest common factor of b and 192?
64
Let c be ((-220)/(-4) - 1) + 3/3. Let i be 2*c/(-30)*-3. Calculate the greatest common divisor of i and 11.
11
Suppose 5*h = -o + 5*o + 342, o = 2*h - 135. Calculate the greatest common divisor of 297 and h.
33
Suppose 5*f - f = -2*i + 236, 4*f - 4*i = 248. Let n = -425 - -437. Calculate the highest common factor of n and f.
12
Let i(h) = 2*h - 11. Let c be i(6). Let j = c + 6. Calculate the greatest common divisor of 14 and j.
7
Suppose -a + k + 13 = 3*a, 3*a - 14 = 5*k. Suppose 0 = h - 5*h + 2*s + 342, a*h - 279 = -3*s. What is the highest common factor of 22 and h?
22
Let g = -5 - -19. Let n = 339 + -241. Calculate the highest common divisor of g and n.
14
Let r = 767 - 707. Calculate the greatest common factor of 810 and r.
30
Suppose -d - 262 = -3*d + 2*m, 5*d + 2*m = 683. Suppose 0*n - 3*n + d = 3*k, 2*k - 83 = 5*n. What is the greatest common factor of k and 66?
22
Let z be (3 - 4)/(2/(-66)). Suppose 24 = -4*l + 8, -5*o = 3*l - z. What is the greatest common factor of o and 6?
3
Let u(l) = l**3 - 19*l**2 - 13*l - 126. Let v be u(20). Suppose 3*g = 2*a + 38, -a - 2*a + 76 = 5*g. What is the highest common factor of v and g?
14
Suppose -3 - 3 = -3*y. Let v(q) = 9*q**3 + 2*q**2 + 2*q - 3. Let p be v(y). What is the greatest common divisor of p and 9?
9
Let o be -8 + 4 + -4 - 1. Let j be (o + 8)/((-1)/44). What is the highest common divisor of j and 4?
4
Let p = 74 + -31. Let t = 52 - p. What is the greatest common factor of 36 and t?
9
Let y = 260 - 236. Calculate the highest common divisor of 12 and y.
12
Suppose -20*z + 19*z = -296. Calculate the greatest common divisor of 74 and z.
74
Let t(l) = 10*l - 6. Let a be t(3). Let s = a - 17. Calculate the highest common factor of s and 21.
7
Let z = -89 + 82. Let b = 10 + z. What is the highest common factor of b and 12?
3
Let i be (9/4)/(24/448). Suppose -4*w + 40 = 16. Calculate the greatest common factor of i and w.
6
Suppose -5*t = -d, -2*d + 10 = 4*t - 4. Let y(j) = j**2 + 2*j - 3. Let x be y(-4). What is the highest common factor of d and x?
5
Let q(r) = -r**2 + 37*r - 118. Let v be q(27). Calculate the greatest common factor of v and 1824.
152
Let g(j) = -2*j**3 + 8*j**2 + 4*j - 10. Let o be g(4). Let d be -11*4*o/(-18)*3. Calculate the highest common divisor of d and 110.
22
Let q(i) = -i**3 - 2*i**2 - i + 12. Let y be q(3). Let g = y + 47. Calculate the highest common factor of g and 209.
11
Let b(m) = 3*m - 17. Let u be b(8). Suppose -3*c - 16 = -u*c, -3*c + 10 = -2*x. Calculate the greatest common factor of x and 1.
1
Let g(m) = -m**3 + 64*m**2 - 63*m + 196. Let n be g(63). Calculate the highest common divisor of 343 and n.
49
Suppose 18 = 33*j - 32*j. Let d be 106/3 + 4/6. What is the greatest common factor of j and d?
18
Let p(f) be the first derivative of -10 - 1/3*f**3 - 9/2*f**2 + 7*f. Let w be p(-5). Calculate the highest common divisor of 189 and w.
27
Let q = -244 + 268. Suppose 0 = d + 5*v - 23, 2*d = 2*v + 3 + 7. What is the greatest common divisor of d and q?
8
Let c(r) = r**3 + 9*r**2 + r + 17. Suppose 4*d + 5*n + 61 = 0, -3*n + 2*n - 50 = 5*d. Let u be c(d). Calculate the highest common factor of 72 and u.
8
Let l be ((-34)/(-2))/(13 + (-5280)/408). What is the highest common factor of l and 68?
17
Let o be 18/(-21) - 2160/(-70). What is the highest common factor of o and 510?
30
Suppose 4*t = 156 + 124. Let g(h) = -5*h - 26. Let n = 6 - 14. Let v be g(n). What is the greatest common factor of t and v?
14
Suppose 0 = 4*x + 5*l - 3976, -x + 5*l = 95 - 1089. What is the greatest common factor of 28 and x?
14
Let t be (-24)/(-2) + -8 + 399. Calculate the greatest common factor of 62 and t.
31
Suppose 4*i - 3*b - 16 = 0, -2*i - b + 16 = 2*i. Let l = -336 - -28. Let n be 12/14*l/(-33). Calculate the greatest common divisor of i and n.
4
Let c = 16 + -4. Suppose 0*j - 5*j = 3*p + 25, -5*j = -2*p + 25. Let n be 11 + 76 + (p - (-2 - -5)). What is the greatest common factor of c and n?
12
Let n(r) = -3 + 7*r**2 + 0 - 5*r**2 + r**2. Suppose -9 - 7 = -4*a. Let i be n(a). Calculate the highest common factor of 5 and i.
5
Let f(b) = -22*b + 7. Let r be f(-3). Let z = r - 53. What is the highest common factor of 20 and z?
20
Let p be 10/4 - (11/(-2) + 5). Suppose -2*r - 3*k = -36, -3*k - 36 = -p*r - r. What is the highest common factor of r and 24?
12
Let a = 7 + 0. Let z(q) = q**3 + 25*q**2 - 82*q + 77. Let x be z(-28). What is the greatest common divisor of a and x?
7
Let z = -155 - -166. What is the greatest common divisor of z and 1056?
11
Let k(w) = -297*w**3 - 2*w**2 + w + 2. Let h be k(-1). Suppose 8*g - 111 = 5*g. What is the greatest common divisor of h and g?
37
Let g(u) = u**3 - 60*u**2 + 175*u - 60. Let y be g(57). Calculate the greatest common factor of y and 224.
56
Let i be (-4272)/(-72)*5*3. Let o = i - 614. What is the greatest common divisor of 46 and o?
46
Let b = -108 + 115. Let a = -3 + 7. Let m = b - a. What is the highest common divisor of 3 and m?
3
Suppose 9 = 3*s, 4*x + 3*s - s - 258 = 0. Suppose 3*j + 0*j = 9. Suppose j*p = -3*g + 24, 39 = 4*g - p + 12. What is the greatest common divisor of x and g?
7
Let w be ((-9)/3)/(-1) + 14. Let d = w - 12. Suppose -268 = -d*m + 3*c, -3*c - 59 = -2*m + 41. What is the highest common factor of 8 and m?
8
Suppose -2*g + 17 = d, -3 - 2 = -5*d. What is the highest common factor of 2 and g?
2
Suppose -91*u + 369 = -90*u. What is the highest common divisor of u and 9?
9
Let h = -28 - -38. Let m be ((-166)/4)/(6/12). Let f = 133 + m. Calculate the highest common factor of f and h.
10
Let v(y) = -y**3 - y**2 + 8*y - 15. Let h be v(-6). Calculate the greatest common divisor of h and 26.
13
Let o = 212 + -200. What is the highest common factor of o an